r = -8 + 48. Does 8 divide r?
True
Let h(y) = -y**3 - 4*y**2 + 4*y - 2. Let q be h(-5). Suppose 0*z - q*z = -12. Suppose z*g = 32 + 20. Does 10 divide g?
False
Suppose -v + 155 = 4*v. Is v a multiple of 7?
False
Let n = 13 + -9. Suppose -n*q = -q. Suppose q = 3*i - 3 - 21. Is 4 a factor of i?
True
Let k(b) = 2*b - 12. Is k(14) a multiple of 8?
True
Let j(o) = o**3 + 5*o**2 - o - 3. Let i be j(-5). Suppose 3*v - 252 = -5*k, -3*v + 2*v + 84 = i*k. Does 28 divide v?
True
Let l be (10/3)/(8/12). Suppose -l = 2*w - 3*w. Does 5 divide w?
True
Suppose 1 = 3*a - z - 10, 5*z = 5*a - 25. Let l(j) = 25*j**2 + 13*j + 13. Let u(n) = 6*n**2 + 3*n + 3. Let w(r) = -2*l(r) + 9*u(r). Is w(a) a multiple of 20?
True
Let w(p) = -p**3 - 3*p**2 + 3*p - 2. Suppose 8 - 23 = 5*m + x, -4*m - 21 = -x. Let h be w(m). Let t(k) = 7*k + 1. Is 14 a factor of t(h)?
False
Let v(l) = 7*l**2 - 14*l + 2. Is 22 a factor of v(-4)?
False
Let d(w) be the third derivative of w**6/120 - 2*w**5/15 - w**4/3 + 11*w**3/6 + 4*w**2. Does 13 divide d(9)?
False
Let g be (-1)/((-1)/(-7)*-1). Let m = 0 + g. Is m a multiple of 4?
False
Let n = -16 - -21. Suppose -2*a - 3*j = 3*a - 114, -5*j + 110 = n*a. Does 24 divide a?
True
Let i = 17 + -44. Let g = -17 - i. Is g a multiple of 6?
False
Suppose -2*v + 2 = -3*v. Does 4 divide (-3)/v*56/12?
False
Does 26 divide 10*(11/5 - -3)?
True
Suppose -4*w = -5*p - 16, -4*p - 13 = -3*w - 0*p. Let d = 3 + w. Is d/7 + 36/21 a multiple of 2?
True
Suppose 3*x + 5*n = 52, x - 3*x = -4*n - 20. Is 12 a factor of x?
False
Let z(r) = 8*r**2 - 4. Does 18 divide z(3)?
False
Let c = 166 + 49. Does 22 divide c?
False
Let m(w) = 2*w - 22. Let u be m(9). Let z(h) = 242*h**3 + h**2 + h. Let f be z(-1). Does 15 divide u/10 - f/5?
False
Let n(m) = -2 + 2 + 3*m - 6 + 3. Suppose 5*t = t + 20. Does 12 divide n(t)?
True
Let g = -93 - -177. Is 21 a factor of g?
True
Let q be 0/((2 + 1)/(-3)). Let l(b) = b**3 + 12*b**2 + 9*b + 4. Let c be l(-11). Suppose 0 = -n - q*n + c. Is n a multiple of 13?
True
Let a = -24 - -43. Suppose 23 = 3*v - 5*k, -4*v - 5*k + 0*k = -a. Does 2 divide v?
True
Let v(z) = -5 - 3 + 1 - 4*z. Is 4 a factor of v(-4)?
False
Does 4 divide 56/3*3/2?
True
Does 11 divide 101 + (9 - -3)/(-4)?
False
Let k(r) = 3*r**2 + 3*r. Is 5 a factor of k(-4)?
False
Let z = 65 + -19. Is 23 a factor of z?
True
Suppose 5*a + b + 2 = 0, -2*a - b = -1 - 0. Let k = a + 1. Let w = k - -4. Is 4 a factor of w?
True
Let x = -49 + 208. Does 15 divide x?
False
Let y be ((0 - -1) + 0)*3. Suppose 5*f + y = -7. Is f/(-1) - (1 - 8) a multiple of 9?
True
Let y be 17/(1 - (3 + -3)). Let r = y + -9. Suppose -5*q = 4*k - 98, -3*k + q = -72 + r. Is 11 a factor of k?
True
Let s = -40 + 67. Let g = s - -9. Is g a multiple of 18?
True
Is 14/56 + 1398/8 a multiple of 24?
False
Suppose 0 = -0*f + 2*f. Suppose 5*k - 3*k - 6 = f. Suppose 2*d = k*d - 20. Is d a multiple of 10?
True
Suppose b = -4*b + 3*r + 268, 0 = -5*b - 3*r + 292. Does 15 divide b?
False
Let c(t) = 2*t + 7. Does 2 divide c(4)?
False
Let x(s) = -2*s**3 - s**2 - s - 1. Is x(-2) a multiple of 13?
True
Let u be -1 + -1 + -1 + 6. Let y be 4/(-3)*(1 - 4). Suppose -u*z + 21 = 2*r + r, 3*r = -y*z + 25. Is 2 a factor of r?
False
Let h(w) = -3*w - 8. Suppose 4*x - 24 = s, x - 20 = -3*x. Does 4 divide h(s)?
True
Is 56 a factor of (-16)/88 - (2455/(-11) + 0)?
False
Let m(t) = -2*t**3 - t**2 + 2*t + 3. Let a be m(-2). Suppose -w + 21 = a. Is 5 a factor of w?
True
Let v(m) = 14*m**2 - 4*m + 2. Suppose 10 - 2 = 4*k. Does 13 divide v(k)?
False
Is 22 a factor of 162/4 + (-6)/(-4)?
False
Let l = 85 - 27. Let v = l + -34. Is 12 a factor of v?
True
Suppose -3 = -2*t - w, 2*w - 4 = -2*t - 0*w. Let o be 3 + -1 - t - 3. Does 3 divide 14*(-1)/4*o?
False
Suppose 5*k - 4*k - 25 = 0. Is 5 a factor of k?
True
Suppose -3*s - 5*r = s - 621, 0 = -2*s + r + 307. Does 23 divide s?
False
Let r = -160 - -367. Is 13 a factor of r?
False
Suppose 3*k = -3*n + 24, -5*k + 2*n + 2*n + 13 = 0. Suppose 0 = -k*w + w + 824. Suppose -6 = 5*q - w. Is 21 a factor of q?
False
Let r(o) = o**3 + 6*o**2 + 2*o + 1. Let p be r(-5). Let i = 27 - p. Let q = i - 5. Is 3 a factor of q?
True
Let k(j) be the second derivative of j**4/12 + 2*j**3/3 + 4*j**2 + 4*j. Does 20 divide k(-6)?
True
Let o = -142 + 155. Is o a multiple of 2?
False
Suppose 10*d = 6*d + 572. Does 11 divide d?
True
Suppose 0 = -4*k - 4 - 4. Is 22 a factor of -98*(5/k)/5?
False
Suppose -2*j = -4*k + 98, -2*k + 44 = 2*j + 10. Let h = 4 + k. Is 13 a factor of h?
True
Let t(f) = -3*f - 4 + 1 - 4*f + 2. Does 7 divide t(-2)?
False
Let b(n) = -n**3 - 2*n**2 + 3*n + 4. Does 13 divide b(-4)?
False
Let q be 3/(-6) - 314/(-4). Suppose -6 = 3*n - q. Is n a multiple of 8?
True
Suppose -4*p + 20 = p - 2*t, -5*p - 2*t = 0. Suppose -4*m + p*n = -190, -5*n + n - 192 = -4*m. Suppose -2*r = -3*r - 3*c + 43, -r = 4*c - m. Does 16 divide r?
False
Does 17 divide -1 + 1/((-3)/(-105))?
True
Let c(y) = y**3 - 8*y**2 + 3*y + 6. Let s = 13 + -6. Let v be c(s). Is 7 a factor of (-4)/22 + (-180)/v?
False
Let p(q) = q - 6. Let l be p(4). Let i = -70 - -72. Let k = i - l. Does 2 divide k?
True
Let f(c) = 3*c**2 - 9*c + 4. Suppose -4*a = -6*a + 12. Is 23 a factor of f(a)?
False
Let h(u) = -4*u**3 + 5*u**2 + 3*u. Let d be h(-3). Is -1 + -2 + d/9 a multiple of 7?
False
Suppose -5*x = -x - 8. Let b(o) = 0*o + 6*o + 0 + 4*o + 1. Does 11 divide b(x)?
False
Let b = -14 - -16. Let v be (0/(-1))/((-1)/(-1)). Suppose -b*r + 21 = g - v*g, 4*r - 37 = -g. Does 4 divide r?
True
Let r(c) = -c**3 - 3*c**2 + 8*c + 6. Let f(o) = -2*o + 13. Let s be f(9). Does 5 divide r(s)?
False
Suppose u = -2*u + 333. Let z be 3 + (4/4 - 0). Suppose 0 = z*j - j - u. Is j a multiple of 17?
False
Suppose 13*z = 2849 - 678. Does 13 divide z?
False
Suppose -100 = -6*x + x. Does 5 divide x?
True
Let y be (-15)/(-10)*4/3. Let u be (y/(-3))/(4/6). Let g = u + 22. Is g a multiple of 13?
False
Let z(h) = -37*h + 1. Let w = -2 + 3. Let x be z(w). Let d = x + 51. Is d a multiple of 5?
True
Let h(d) = -6*d + 8*d + 5 - 3*d. Let r be h(-5). Suppose 4*t - r = 10. Is 5 a factor of t?
True
Suppose -4*i - 78 = -398. Does 16 divide (-3 + (-17)/(-5))*i?
True
Let u be -2*(-1 + -2 + -2). Suppose 3*q - 2*q = u. Is q a multiple of 10?
True
Let o(t) be the third derivative of t**5/60 + 5*t**4/24 + 2*t**3 - 7*t**2. Does 6 divide o(-6)?
True
Let x be -4*(-1)/(-14)*-7. Suppose -x*m + 95 = 3*m. Is m a multiple of 19?
True
Is 13 a factor of ((-3)/6)/(1/(-306)*3)?
False
Let k(z) = z - 7 + 2 + 4. Let j be k(-1). Is 10 a factor of ((-10)/(-3))/(j/(-12))?
True
Let x(f) = -3 + f**3 - 1 + f**2 - 6*f + 4*f**2. Is x(-5) a multiple of 8?
False
Let k be 2 + 3 + -1 + -1. Let v = 0 - -2. Suppose v*n - 15 = k. Is 9 a factor of n?
True
Suppose -4*u + 4*w = -144, -3*u + 7*u + 4*w - 120 = 0. Is 32 a factor of u?
False
Let i(n) = -2*n**2 + n + 8 - 2*n**3 - 2 - 5. Let v(z) = z - 9. Let y be v(7). Does 2 divide i(y)?
False
Suppose 0*f = 3*f - 234. Is 26 a factor of f?
True
Let s = 74 - 42. Does 11 divide s?
False
Let y(w) = -w - 4. Let m be y(-4). Let a = m - -31. Suppose 0 = 2*k - a - 7. Is k a multiple of 8?
False
Suppose 0 = 3*y - 79 - 20. Is y a multiple of 11?
True
Let v be (-18)/(-7) - 21/(-49). Let b be v + (32 - 0/2). Let d = 65 - b. Is d a multiple of 15?
True
Let s be (-6)/(-27) - 32/(-18). Suppose s*b = 5*o - 3*b, -4*b + 2 = -3*o. Suppose -a = -0*j + j - 27, -j + o = 0. Is 11 a factor of a?
False
Let o(w) = -w**2 - 8*w + 1. Let u be o(-7). Let d = u - 8. Let c = 8 + d. Is 4 a factor of c?
True
Suppose -o - 24 + 1 = -4*n, 3*n + 2*o = 31. Let p(m) = 10*m + 15. Is 24 a factor of p(n)?
False
Does 23 divide (-1925)/(-42) - (-1)/6?
True
Let j = 54 - 13. Suppose -4*w + j = 5*z, -5*w + 8 + 27 = 3*z. Suppose -o = 3*t - 16 - 2, -z*o - 2*t = -90. Does 9 divide o?
True
Suppose 3*y - 17 = 34. Let v(o) = 12*o + 1. Let l be v(3). Let i = l - y. Is i a multiple of 8?
False
Suppose 5*m + 35 - 330 = 0. Suppose k - o + m = 0, 4*k - 6*o = -4*o - 244. Let r = -39 - k. Is r a multiple of 10?
False
Let i(j) = -9*j**3 + j**2 + 4*j + 1. Does 19 divide i(-2)?
False
Suppose 22 = -t + 5*l, -l - 12 = t - 4*l. Suppose 0*u + 160 = 5*u. Suppose -u = -a - t*a. Does 5 divide a?
False
Let t = 23 + -21. Let o(n) = 3*n**2 - 3*n + 1. Does 7 divide o(t)?
True
Let 